{"id":1389,"date":"2026-09-04T17:41:07","date_gmt":"2026-09-04T17:41:07","guid":{"rendered":"https:\/\/casadofauno.pt\/?post_type=fauno_event&#038;p=1389"},"modified":"2026-09-04T19:16:46","modified_gmt":"2026-09-04T19:16:46","slug":"bal-antiq","status":"publish","type":"fauno_event","link":"https:\/\/casadofauno.pt\/en\/events\/bal-antiq\/","title":{"rendered":"\ud83c\udfb5 Bal Antiq"},"content":{"rendered":"<p class=\"wp-block-paragraph\"><strong>M\u00fasica tradicional europeia para ouvir, dan\u00e7ar e viajar no tempo.<\/strong><\/p>\n\n\n\n<p class=\"wp-block-paragraph\">Os <strong>Bal Antiq<\/strong> trazem \u00e0 <strong>Casa do Fauno<\/strong> os sons e ritmos da tradi\u00e7\u00e3o musical europeia que continuam hoje a convidar ao encontro, \u00e0 dan\u00e7a e \u00e0 celebra\u00e7\u00e3o.<\/p>\n\n\n\n<p class=\"wp-block-paragraph\">A m\u00fasica dos <strong>Bal Antiq<\/strong> recupera o ambiente e esp\u00edrito das antigas aldeias e pra\u00e7as onde decorriam os tradicionais bailes e onde a m\u00fasica convidava \u00e0 participa\u00e7\u00e3o.<\/p>\n\n\n\n<p class=\"wp-block-paragraph\">No <strong>Pub Medieval<\/strong> da <strong>Casa do Fauno<\/strong> encontrar\u00e1 o cen\u00e1rio perfeito para esta viagem musical.<\/p>\n\n\n\n<p class=\"wp-block-paragraph\"><strong>Venha ouvir. Venha dan\u00e7ar!<\/strong><\/p>","protected":false},"author":5,"featured_media":1388,"template":"","meta":{"footnotes":""},"fauno_event_category":[42],"fauno_event_tag":[],"class_list":["post-1389","fauno_event","type-fauno_event","status-publish","has-post-thumbnail","hentry","fauno_event_category-concerto"],"yoast_head":"<!-- This site is optimized with the Yoast SEO plugin v28.4 - https:\/\/yoast.com\/product\/yoast-seo-wordpress\/ -->\n<title>\ud83c\udfb5 Bal Antiq - Casa do Fauno<\/title>\n<meta name=\"robots\" content=\"index, follow, max-snippet:-1, max-image-preview:large, max-video-preview:-1\" \/>\n<link rel=\"canonical\" href=\"https:\/\/casadofauno.pt\/en\/events\/bal-antiq\/\" \/>\n<meta property=\"og:locale\" content=\"en_GB\" \/>\n<meta property=\"og:type\" content=\"article\" \/>\n<meta property=\"og:title\" content=\"\ud83c\udfb5 Bal Antiq - Casa do Fauno\" \/>\n<meta property=\"og:description\" content=\"M\u00fasica tradicional europeia para ouvir, dan\u00e7ar e viajar no tempo. Os Bal Antiq trazem \u00e0 Casa do Fauno os sons e ritmos da tradi\u00e7\u00e3o musical europeia que continuam hoje a convidar ao encontro, \u00e0 dan\u00e7a e \u00e0 celebra\u00e7\u00e3o. A m\u00fasica dos Bal Antiq recupera o ambiente e esp\u00edrito das antigas aldeias e pra\u00e7as onde decorriam [&hellip;]\" \/>\n<meta property=\"og:url\" content=\"https:\/\/casadofauno.pt\/en\/events\/bal-antiq\/\" \/>\n<meta property=\"og:site_name\" content=\"Casa do Fauno\" \/>\n<meta property=\"article:publisher\" content=\"https:\/\/www.facebook.com\/casadofauno\" \/>\n<meta property=\"article:modified_time\" content=\"2026-09-04T19:16:46+00:00\" \/>\n<meta property=\"og:image\" content=\"https:\/\/casadofauno.pt\/wp-content\/uploads\/2026\/09\/ConcertoBalAntiq5Setembro2026_-1.jpg\" \/>\n\t<meta property=\"og:image:width\" content=\"1440\" \/>\n\t<meta property=\"og:image:height\" content=\"1920\" \/>\n\t<meta property=\"og:image:type\" content=\"image\/jpeg\" \/>\n<meta name=\"twitter:card\" content=\"summary_large_image\" \/>\n<script type=\"application\/ld+json\" class=\"yoast-schema-graph\">{\"@context\":\"https:\\\/\\\/schema.org\",\"@graph\":[{\"@type\":\"WebPage\",\"@id\":\"https:\\\/\\\/casadofauno.pt\\\/events\\\/bal-antiq\\\/\",\"url\":\"https:\\\/\\\/casadofauno.pt\\\/events\\\/bal-antiq\\\/\",\"name\":\"\ud83c\udfb5 Bal Antiq - Casa do Fauno\",\"isPartOf\":{\"@id\":\"https:\\\/\\\/casadofauno.pt\\\/#website\"},\"primaryImageOfPage\":{\"@id\":\"https:\\\/\\\/casadofauno.pt\\\/events\\\/bal-antiq\\\/#primaryimage\"},\"image\":{\"@id\":\"https:\\\/\\\/casadofauno.pt\\\/events\\\/bal-antiq\\\/#primaryimage\"},\"thumbnailUrl\":\"https:\\\/\\\/casadofauno.pt\\\/wp-content\\\/uploads\\\/2026\\\/09\\\/ConcertoBalAntiq5Setembro2026_-1.jpg\",\"datePublished\":\"2026-09-04T17:41:07+00:00\",\"dateModified\":\"2026-09-04T19:16:46+00:00\",\"breadcrumb\":{\"@id\":\"https:\\\/\\\/casadofauno.pt\\\/events\\\/bal-antiq\\\/#breadcrumb\"},\"inLanguage\":\"en-GB\",\"potentialAction\":[{\"@type\":\"ReadAction\",\"target\":[\"https:\\\/\\\/casadofauno.pt\\\/events\\\/bal-antiq\\\/\"]}]},{\"@type\":\"ImageObject\",\"inLanguage\":\"en-GB\",\"@id\":\"https:\\\/\\\/casadofauno.pt\\\/events\\\/bal-antiq\\\/#primaryimage\",\"url\":\"https:\\\/\\\/casadofauno.pt\\\/wp-content\\\/uploads\\\/2026\\\/09\\\/ConcertoBalAntiq5Setembro2026_-1.jpg\",\"contentUrl\":\"https:\\\/\\\/casadofauno.pt\\\/wp-content\\\/uploads\\\/2026\\\/09\\\/ConcertoBalAntiq5Setembro2026_-1.jpg\",\"width\":1440,\"height\":1920},{\"@type\":\"BreadcrumbList\",\"@id\":\"https:\\\/\\\/casadofauno.pt\\\/events\\\/bal-antiq\\\/#breadcrumb\",\"itemListElement\":[{\"@type\":\"ListItem\",\"position\":1,\"name\":\"In\u00edcio\",\"item\":\"https:\\\/\\\/casadofauno.pt\\\/pt\\\/\"},{\"@type\":\"ListItem\",\"position\":2,\"name\":\"Events\",\"item\":\"https:\\\/\\\/casadofauno.pt\\\/pt\\\/events\\\/\"},{\"@type\":\"ListItem\",\"position\":3,\"name\":\"\ud83c\udfb5 Bal Antiq\"}]},{\"@type\":\"WebSite\",\"@id\":\"https:\\\/\\\/casadofauno.pt\\\/#website\",\"url\":\"https:\\\/\\\/casadofauno.pt\\\/\",\"name\":\"Casa do Fauno\",\"description\":\"Pub Medieval | Sintra\",\"publisher\":{\"@id\":\"https:\\\/\\\/casadofauno.pt\\\/#organization\"},\"potentialAction\":[{\"@type\":\"SearchAction\",\"target\":{\"@type\":\"EntryPoint\",\"urlTemplate\":\"https:\\\/\\\/casadofauno.pt\\\/?s={search_term_string}\"},\"query-input\":{\"@type\":\"PropertyValueSpecification\",\"valueRequired\":true,\"valueName\":\"search_term_string\"}}],\"inLanguage\":\"en-GB\"},{\"@type\":\"Organization\",\"@id\":\"https:\\\/\\\/casadofauno.pt\\\/#organization\",\"name\":\"Casa do Fauno\",\"url\":\"https:\\\/\\\/casadofauno.pt\\\/\",\"logo\":{\"@type\":\"ImageObject\",\"inLanguage\":\"en-GB\",\"@id\":\"https:\\\/\\\/casadofauno.pt\\\/#\\\/schema\\\/logo\\\/image\\\/\",\"url\":\"https:\\\/\\\/casadofauno.pt\\\/wp-content\\\/uploads\\\/2026\\\/08\\\/Logo-Casa-do-Fauno-2026-3-scaled.png\",\"contentUrl\":\"https:\\\/\\\/casadofauno.pt\\\/wp-content\\\/uploads\\\/2026\\\/08\\\/Logo-Casa-do-Fauno-2026-3-scaled.png\",\"width\":2560,\"height\":1818,\"caption\":\"Casa do Fauno\"},\"image\":{\"@id\":\"https:\\\/\\\/casadofauno.pt\\\/#\\\/schema\\\/logo\\\/image\\\/\"},\"sameAs\":[\"https:\\\/\\\/www.facebook.com\\\/casadofauno\",\"https:\\\/\\\/www.instagram.com\\\/casa_do_fauno\"]}]}<\/script>\n<!-- \/ Yoast SEO plugin. -->","yoast_head_json":{"title":"\ud83c\udfb5 Bal Antiq - Casa do Fauno","robots":{"index":"index","follow":"follow","max-snippet":"max-snippet:-1","max-image-preview":"max-image-preview:large","max-video-preview":"max-video-preview:-1"},"canonical":"https:\/\/casadofauno.pt\/en\/events\/bal-antiq\/","og_locale":"en_GB","og_type":"article","og_title":"\ud83c\udfb5 Bal Antiq - Casa do Fauno","og_description":"M\u00fasica tradicional europeia para ouvir, dan\u00e7ar e viajar no tempo. Os Bal Antiq trazem \u00e0 Casa do Fauno os sons e ritmos da tradi\u00e7\u00e3o musical europeia que continuam hoje a convidar ao encontro, \u00e0 dan\u00e7a e \u00e0 celebra\u00e7\u00e3o. A m\u00fasica dos Bal Antiq recupera o ambiente e esp\u00edrito das antigas aldeias e pra\u00e7as onde decorriam [&hellip;]","og_url":"https:\/\/casadofauno.pt\/en\/events\/bal-antiq\/","og_site_name":"Casa do Fauno","article_publisher":"https:\/\/www.facebook.com\/casadofauno","article_modified_time":"2026-09-04T19:16:46+00:00","og_image":[{"width":1440,"height":1920,"url":"https:\/\/casadofauno.pt\/wp-content\/uploads\/2026\/09\/ConcertoBalAntiq5Setembro2026_-1.jpg","type":"image\/jpeg"}],"twitter_card":"summary_large_image","schema":{"@context":"https:\/\/schema.org","@graph":[{"@type":"WebPage","@id":"https:\/\/casadofauno.pt\/events\/bal-antiq\/","url":"https:\/\/casadofauno.pt\/events\/bal-antiq\/","name":"\ud83c\udfb5 Bal Antiq - Casa do Fauno","isPartOf":{"@id":"https:\/\/casadofauno.pt\/#website"},"primaryImageOfPage":{"@id":"https:\/\/casadofauno.pt\/events\/bal-antiq\/#primaryimage"},"image":{"@id":"https:\/\/casadofauno.pt\/events\/bal-antiq\/#primaryimage"},"thumbnailUrl":"https:\/\/casadofauno.pt\/wp-content\/uploads\/2026\/09\/ConcertoBalAntiq5Setembro2026_-1.jpg","datePublished":"2026-09-04T17:41:07+00:00","dateModified":"2026-09-04T19:16:46+00:00","breadcrumb":{"@id":"https:\/\/casadofauno.pt\/events\/bal-antiq\/#breadcrumb"},"inLanguage":"en-GB","potentialAction":[{"@type":"ReadAction","target":["https:\/\/casadofauno.pt\/events\/bal-antiq\/"]}]},{"@type":"ImageObject","inLanguage":"en-GB","@id":"https:\/\/casadofauno.pt\/events\/bal-antiq\/#primaryimage","url":"https:\/\/casadofauno.pt\/wp-content\/uploads\/2026\/09\/ConcertoBalAntiq5Setembro2026_-1.jpg","contentUrl":"https:\/\/casadofauno.pt\/wp-content\/uploads\/2026\/09\/ConcertoBalAntiq5Setembro2026_-1.jpg","width":1440,"height":1920},{"@type":"BreadcrumbList","@id":"https:\/\/casadofauno.pt\/events\/bal-antiq\/#breadcrumb","itemListElement":[{"@type":"ListItem","position":1,"name":"In\u00edcio","item":"https:\/\/casadofauno.pt\/pt\/"},{"@type":"ListItem","position":2,"name":"Events","item":"https:\/\/casadofauno.pt\/pt\/events\/"},{"@type":"ListItem","position":3,"name":"\ud83c\udfb5 Bal Antiq"}]},{"@type":"WebSite","@id":"https:\/\/casadofauno.pt\/#website","url":"https:\/\/casadofauno.pt\/","name":"Casa do Fauno","description":"Pub Medieval | Sintra","publisher":{"@id":"https:\/\/casadofauno.pt\/#organization"},"potentialAction":[{"@type":"SearchAction","target":{"@type":"EntryPoint","urlTemplate":"https:\/\/casadofauno.pt\/?s={search_term_string}"},"query-input":{"@type":"PropertyValueSpecification","valueRequired":true,"valueName":"search_term_string"}}],"inLanguage":"en-GB"},{"@type":"Organization","@id":"https:\/\/casadofauno.pt\/#organization","name":"Casa do Fauno","url":"https:\/\/casadofauno.pt\/","logo":{"@type":"ImageObject","inLanguage":"en-GB","@id":"https:\/\/casadofauno.pt\/#\/schema\/logo\/image\/","url":"https:\/\/casadofauno.pt\/wp-content\/uploads\/2026\/08\/Logo-Casa-do-Fauno-2026-3-scaled.png","contentUrl":"https:\/\/casadofauno.pt\/wp-content\/uploads\/2026\/08\/Logo-Casa-do-Fauno-2026-3-scaled.png","width":2560,"height":1818,"caption":"Casa do Fauno"},"image":{"@id":"https:\/\/casadofauno.pt\/#\/schema\/logo\/image\/"},"sameAs":["https:\/\/www.facebook.com\/casadofauno","https:\/\/www.instagram.com\/casa_do_fauno"]}]}},"_links":{"self":[{"href":"https:\/\/casadofauno.pt\/en\/wp-json\/wp\/v2\/events\/1389","targetHints":{"allow":["GET"]}}],"collection":[{"href":"https:\/\/casadofauno.pt\/en\/wp-json\/wp\/v2\/events"}],"about":[{"href":"https:\/\/casadofauno.pt\/en\/wp-json\/wp\/v2\/types\/fauno_event"}],"author":[{"embeddable":true,"href":"https:\/\/casadofauno.pt\/en\/wp-json\/wp\/v2\/users\/5"}],"version-history":[{"count":6,"href":"https:\/\/casadofauno.pt\/en\/wp-json\/wp\/v2\/events\/1389\/revisions"}],"predecessor-version":[{"id":1418,"href":"https:\/\/casadofauno.pt\/en\/wp-json\/wp\/v2\/events\/1389\/revisions\/1418"}],"wp:featuredmedia":[{"embeddable":true,"href":"https:\/\/casadofauno.pt\/en\/wp-json\/wp\/v2\/media\/1388"}],"wp:attachment":[{"href":"https:\/\/casadofauno.pt\/en\/wp-json\/wp\/v2\/media?parent=1389"}],"wp:term":[{"taxonomy":"fauno_event_category","embeddable":true,"href":"https:\/\/casadofauno.pt\/en\/wp-json\/wp\/v2\/fauno_event_category?post=1389"},{"taxonomy":"fauno_event_tag","embeddable":true,"href":"https:\/\/casadofauno.pt\/en\/wp-json\/wp\/v2\/fauno_event_tag?post=1389"}],"curies":[{"name":"wp","href":"https:\/\/api.w.org\/{rel}","templated":true}]}}

<p class="wp-block-paragraph"><strong>Música tradicional europeia para ouvir, dançar e viajar no tempo.</strong></p>



<p class="wp-block-paragraph">Os <strong>Bal Antiq</strong> trazem à <strong>Casa do Fauno</strong> os sons e ritmos da tradição musical europeia que continuam hoje a convidar ao encontro, à dança e à celebração.</p>



<p class="wp-block-paragraph">A música dos <strong>Bal Antiq</strong> recupera o ambiente e espírito das antigas aldeias e praças onde decorriam os tradicionais bailes e onde a música convidava à participação.</p>



<p class="wp-block-paragraph">No <strong>Pub Medieval</strong> da <strong>Casa do Fauno</strong> encontrará o cenário perfeito para esta viagem musical.</p>



<p class="wp-block-paragraph"><strong>Venha ouvir. Venha dançar!</strong></p>

<!-- This site is optimized with the Yoast SEO plugin v28.4 - https://yoast.com/product/yoast-seo-wordpress/ -->
<title>🎵 Bal Antiq - Casa do Fauno</title>
<meta name="robots" content="index, follow, max-snippet:-1, max-image-preview:large, max-video-preview:-1" />
<link rel="canonical" href="https://casadofauno.pt/en/events/bal-antiq/" />
<meta property="og:locale" content="en_GB" />
<meta property="og:type" content="article" />
<meta property="og:title" content="🎵 Bal Antiq - Casa do Fauno" />
<meta property="og:description" content="Música tradicional europeia para ouvir, dançar e viajar no tempo. Os Bal Antiq trazem à Casa do Fauno os sons e ritmos da tradição musical europeia que continuam hoje a convidar ao encontro, à dança e à celebração. A música dos Bal Antiq recupera o ambiente e espírito das antigas aldeias e praças onde decorriam [&hellip;]" />
<meta property="og:url" content="https://casadofauno.pt/en/events/bal-antiq/" />
<meta property="og:site_name" content="Casa do Fauno" />
<meta property="article:publisher" content="https://www.facebook.com/casadofauno" />
<meta property="article:modified_time" content="2026-09-04T19:16:46+00:00" />
<meta property="og:image" content="https://casadofauno.pt/wp-content/uploads/2026/09/ConcertoBalAntiq5Setembro2026_-1.jpg" />
	<meta property="og:image:width" content="1440" />
	<meta property="og:image:height" content="1920" />
	<meta property="og:image:type" content="image/jpeg" />
<meta name="twitter:card" content="summary_large_image" />
<script type="application/ld+json" class="yoast-schema-graph">{"@context":"https:\/\/schema.org","@graph":[{"@type":"WebPage","@id":"https:\/\/casadofauno.pt\/events\/bal-antiq\/","url":"https:\/\/casadofauno.pt\/events\/bal-antiq\/","name":"🎵 Bal Antiq - Casa do Fauno","isPartOf":{"@id":"https:\/\/casadofauno.pt\/#website"},"primaryImageOfPage":{"@id":"https:\/\/casadofauno.pt\/events\/bal-antiq\/#primaryimage"},"image":{"@id":"https:\/\/casadofauno.pt\/events\/bal-antiq\/#primaryimage"},"thumbnailUrl":"https:\/\/casadofauno.pt\/wp-content\/uploads\/2026\/09\/ConcertoBalAntiq5Setembro2026_-1.jpg","datePublished":"2026-09-04T17:41:07+00:00","dateModified":"2026-09-04T19:16:46+00:00","breadcrumb":{"@id":"https:\/\/casadofauno.pt\/events\/bal-antiq\/#breadcrumb"},"inLanguage":"en-GB","potentialAction":[{"@type":"ReadAction","target":["https:\/\/casadofauno.pt\/events\/bal-antiq\/"]}]},{"@type":"ImageObject","inLanguage":"en-GB","@id":"https:\/\/casadofauno.pt\/events\/bal-antiq\/#primaryimage","url":"https:\/\/casadofauno.pt\/wp-content\/uploads\/2026\/09\/ConcertoBalAntiq5Setembro2026_-1.jpg","contentUrl":"https:\/\/casadofauno.pt\/wp-content\/uploads\/2026\/09\/ConcertoBalAntiq5Setembro2026_-1.jpg","width":1440,"height":1920},{"@type":"BreadcrumbList","@id":"https:\/\/casadofauno.pt\/events\/bal-antiq\/#breadcrumb","itemListElement":[{"@type":"ListItem","position":1,"name":"Início","item":"https:\/\/casadofauno.pt\/pt\/"},{"@type":"ListItem","position":2,"name":"Events","item":"https:\/\/casadofauno.pt\/pt\/events\/"},{"@type":"ListItem","position":3,"name":"🎵 Bal Antiq"}]},{"@type":"WebSite","@id":"https:\/\/casadofauno.pt\/#website","url":"https:\/\/casadofauno.pt\/","name":"Casa do Fauno","description":"Pub Medieval | Sintra","publisher":{"@id":"https:\/\/casadofauno.pt\/#organization"},"potentialAction":[{"@type":"SearchAction","target":{"@type":"EntryPoint","urlTemplate":"https:\/\/casadofauno.pt\/?s={search_term_string}"},"query-input":{"@type":"PropertyValueSpecification","valueRequired":true,"valueName":"search_term_string"}}],"inLanguage":"en-GB"},{"@type":"Organization","@id":"https:\/\/casadofauno.pt\/#organization","name":"Casa do Fauno","url":"https:\/\/casadofauno.pt\/","logo":{"@type":"ImageObject","inLanguage":"en-GB","@id":"https:\/\/casadofauno.pt\/#\/schema\/logo\/image\/","url":"https:\/\/casadofauno.pt\/wp-content\/uploads\/2026\/08\/Logo-Casa-do-Fauno-2026-3-scaled.png","contentUrl":"https:\/\/casadofauno.pt\/wp-content\/uploads\/2026\/08\/Logo-Casa-do-Fauno-2026-3-scaled.png","width":2560,"height":1818,"caption":"Casa do Fauno"},"image":{"@id":"https:\/\/casadofauno.pt\/#\/schema\/logo\/image\/"},"sameAs":["https:\/\/www.facebook.com\/casadofauno","https:\/\/www.instagram.com\/casa_do_fauno"]}]}</script>
<!-- / Yoast SEO plugin. -->

Música tradicional europeia para ouvir, dançar e viajar no tempo. Os Bal Antiq trazem à Casa do Fauno os sons e ritmos da tradição musical europeia que continuam hoje a convidar ao encontro, à dança e à celebração. A música dos Bal Antiq recupera o ambiente e espírito das antigas aldeias e praças onde decorriam [&hellip;]

Início
